{"id":2,"date":"2020-05-14T10:35:18","date_gmt":"2020-05-14T08:35:18","guid":{"rendered":"http:\/\/sen-architecture.com\/?page_id=2"},"modified":"2024-10-28T10:54:04","modified_gmt":"2024-10-28T09:54:04","slug":"page-d-exemple","status":"publish","type":"page","link":"https:\/\/sen-architecture.com\/","title":{"rendered":"accueil"},"content":{"rendered":"\n<p>Architecte bas\u00e9 \u00e0 Saillans dans la Dr\u00f4me, je propose mes services pour la r\u00e9alisation de projets pour les particuliers, professionnels et collectivit\u00e9s, en construction neuve, r\u00e9habilitation, extension.<\/p>\n\n\n\n<p>En adoptant une architecture sobre, efficace, harmonieuse et heureuse, je fais le pari qu&rsquo;une architecture de qualit\u00e9 puisse \u00eatre accessible \u00e0 tous.<\/p>\n\n\n\n<p>Conscient des enjeux environnementaux de notre \u00e9poque, mon approche vise \u00e0 minimiser l&rsquo;impact de la construction : en faisant le choix de projets respectueux de leur contexte, de travailler avec des partenaires locaux, d&rsquo;utiliser des mat\u00e9riaux traditionnels de provenance locale tels que le bois, la terre, la pierre\u2026<\/p>\n\n\n\n<p>Favorable \u00e0 une d\u00e9marche de co-cr\u00e9ation, je privil\u00e9gie le dialogue pour m&rsquo;assurer que les projets r\u00e9pondent aux diff\u00e9rents besoins et que mes clients soient pleinement satisfaits de leur projet.<\/p>\n\n\n\n<p><\/p>\n","protected":false},"excerpt":{"rendered":"<p>Architecte bas\u00e9 \u00e0 Saillans dans la Dr\u00f4me, je propose mes services pour la r\u00e9alisation de projets pour les particuliers, professionnels et collectivit\u00e9s, en construction neuve, r\u00e9habilitation, extension. En adoptant une architecture sobre, efficace, harmonieuse et heureuse, je fais le pari qu&rsquo;une architecture de qualit\u00e9 puisse \u00eatre accessible \u00e0 tous. Conscient des enjeux environnementaux de notre &hellip; <\/p>\n<p class=\"link-more\"><a href=\"https:\/\/sen-architecture.com\/\" class=\"more-link\">Continuer la lecture<span class=\"screen-reader-text\"> de &laquo;&nbsp;accueil&nbsp;&raquo;<\/span><\/a><\/p>\n","protected":false},"author":1,"featured_media":0,"parent":0,"menu_order":0,"comment_status":"closed","ping_status":"open","template":"","meta":{"footnotes":""},"class_list":["post-2","page","type-page","status-publish","hentry"],"_links":{"self":[{"href":"https:\/\/sen-architecture.com\/index.php\/wp-json\/wp\/v2\/pages\/2"}],"collection":[{"href":"https:\/\/sen-architecture.com\/index.php\/wp-json\/wp\/v2\/pages"}],"about":[{"href":"https:\/\/sen-architecture.com\/index.php\/wp-json\/wp\/v2\/types\/page"}],"author":[{"embeddable":true,"href":"https:\/\/sen-architecture.com\/index.php\/wp-json\/wp\/v2\/users\/1"}],"replies":[{"embeddable":true,"href":"https:\/\/sen-architecture.com\/index.php\/wp-json\/wp\/v2\/comments?post=2"}],"version-history":[{"count":7,"href":"https:\/\/sen-architecture.com\/index.php\/wp-json\/wp\/v2\/pages\/2\/revisions"}],"predecessor-version":[{"id":57,"href":"https:\/\/sen-architecture.com\/index.php\/wp-json\/wp\/v2\/pages\/2\/revisions\/57"}],"wp:attachment":[{"href":"https:\/\/sen-architecture.com\/index.php\/wp-json\/wp\/v2\/media?parent=2"}],"curies":[{"name":"wp","href":"https:\/\/api.w.org\/{rel}","templated":true}]}}